by 16?
15
Calculate the remainder when 51212696 is divided by 353191.
1
Calculate the remainder when 4144709 is divided by 1521.
1505
Calculate the remainder when 6564558 is divided by 390.
78
Calculate the remainder when 11775746 is divided by 1682248.
10
Calculate the remainder when 344535 is divided by 7656.
15
What is the remainder when 65865813 is divided by 373?
354
Calculate the remainder when 692858 is divided by 2585.
78
What is the remainder when 53031 is divided by 4789?
352
What is the remainder when 3932 is divided by 1745?
442
What is the remainder when 353131 is divided by 69047?
7896
What is the remainder when 1641456 is divided by 9067?
329
What is the remainder when 115632 is divided by 1283?
162
What is the remainder when 5906813 is divided by 15751?
188
What is the remainder when 2573878 is divided by 77991?
175
What is the remainder when 28451821 is divided by 10?
1
What is the remainder when 212386750 is divided by 2171?
2162
Calculate the remainder when 595189 is divided by 108.
1
What is the remainder when 1434296 is divided by 1434268?
28
Calculate the remainder when 12106631 is divided by 1075.
1056
What is the remainder when 636191 is divided by 297?
17
Calculate the remainder when 516093 is divided by 384.
381
Calculate the remainder when 78779584 is divided by 13129929.
10
What is the remainder when 3547312 is divided by 161?
160
What is the remainder when 662490 is divided by 2893?
2886
What is the remainder when 192541 is divided by 258?
73
What is the remainder when 50138 is divided by 48706?
1432
Calculate the remainder when 327836 is divided by 111.
53
Calculate the remainder when 3242985 is divided by 7949.
7742
Calculate the remainder when 13472 is divided by 13366.
106
Calculate the remainder when 133734233 is divided by 255.
248
Calculate the remainder when 2044567 is divided by 131.
50
What is the remainder when 165326 is divided by 358?
288
What is the remainder when 344773 is divided by 9569?
289
What is the remainder when 215765 is divided by 32?
21
What is the remainder when 191195028 is divided by 8612?
16
What is the remainder when 78073109 is divided by 705?
704
What is the remainder when 2275947 is divided by 425?
72
Calculate the remainder when 5127428 is divided by 1776.
116
What is the remainder when 648343 is divided by 323976?
391
What is the remainder when 8565329 is divided by 65384?
25
Calculate the remainder when 34189998 is divided by 98815.
8
What is the remainder when 5806524 is divided by 64?
60
What is the remainder when 1250114 is divided by 2198?
1650
Calculate the remainder when 162987275 is divided by 7086402.
29
What is the remainder when 1486814 is divided by 87456?
62
What is the remainder when 10427443 is divided by 1129?
1128
Calculate the remainder when 2665791 is divided by 23.
22
Calculate the remainder when 7547755 is divided by 547.
249
What is the remainder when 490925111 is divided by 22?
17
Calculate the remainder when 7658640 is divided by 444.
84
Calculate the remainder when 202292 is divided by 1759.
7
Calculate the remainder when 18784223 is divided by 1631.
1627
What is the remainder when 1940242 is divided by 485049?
46
Calculate the remainder when 6410218 is divided by 528.
298
What is the remainder when 271454318 is divided by 3734?
3720
Calculate the remainder when 132773 is divided by 132694.
79
Calculate the remainder when 316971879 is divided by 10.
9
Calculate the remainder when 75572563 is divided by 204.
151
Calculate the remainder when 12256860 is divided by 2799.
39
What is the remainder when 3187241 is divided by 69?
62
Calculate the remainder when 266677 is divided by 13.
8
What is the remainder when 36037912 is divided by 12?
4
What is the remainder when 653795 is divided by 108872?
563
Calculate the remainder when 2909323 is divided by 303.
220
What is the remainder when 716178 is divided by 8054?
7426
What is the remainder when 662788 is divided by 220894?
106
Calculate the remainder when 559328 is divided by 176.
0
Calculate the remainder when 79255 is divided by 1191.
649
What is the remainder when 112664661 is divided by 28166163?
9
Calculate the remainder when 358758584 is divided by 45.
44
What is the remainder when 1764165 is divided by 251951?
508
What is the remainder when 81339 is divided by 1447?
307
What is the remainder when 56881 is divided by 18485?
1426
What is the remainder when 19515 is divided by 4850?
115
What is the remainder when 141194 is divided by 258?
68
What is the remainder when 1890063 is divided by 2910?
1473
Calculate the remainder when 6538406 is divided by 24.
14
Calculate the remainder when 25662999 is divided by 239841.
12
Calculate the remainder when 662139453 is divided by 5564197.
10
Calculate the remainder when 96309 is divided by 86153.
10156
What is the remainder when 15234 is divided by 7555?
124
Calculate the remainder when 2939477 is divided by 4094.
4079
Calculate the remainder when 10788 is divided by 2138.
98
Calculate the remainder when 66891 is divided by 6217.
4721
What is the remainder when 10938 is divided by 1208?
66
What is the remainder when 150504125 is divided by 842?
835
What is the remainder when 26070867 is divided by 1501?
1499
What is the remainder when 2994430 is divided by 32?
30
What is the remainder when 6487519 is divided by 65?
64
What is the remainder when 162630 is divided by 17?
8
Calculate the remainder when 50263053 is divided by 3068.
9
What is the remainder when 86332 is divided by 340?
312
What is the remainder when 1550798 is divided by 5136?
4862
Calculate the remainder when 117119429 is divided by 39039809.
2
What is the remainder when 133634 is divided by 43?
33
Calculate the remainder when 11857 is divided by 3923.
88
What is the remainder when 567875 is divided by 2642?
2487
Calculate the remainder when 130897831 is divided by 197.
196
Calculate the remainder when 234023 is divided by 13753.
222
What is the remainder when 160302467 is divided by 16030245?
17
What is the remainder when 115375 is divided by 2438?
789
What is the remainder when 26018094 is divided by 929217?
18
What is the remainder when 21834 is divided by 2346?
720
What is the remainder when 19213 is divided by 4342?
1845
Calculate the remainder when 25588 is divided by 25142.
446
Calculate the remainder when 62129 is divided by 2704.
2641
What is the remainder when 742898 is divided by 476?
338
Calculate the remainder when 678994 is divided by 3129.
1
Calculate the remainder when 44845 is divided by 84.
73
What is the remainder when 584871 is divided by 26562?
507
Calculate the remainder when 12275 is divided by 828.
683
Calculate the remainder when 2062880 is divided by 2062401.
479
Calculate the remainder when 78781957 is divided by 1864.
1861
Calculate the remainder when 198100 is divided by 2196.
460
What is the remainder when 995428 is divided by 7373?
73
Calculate the remainder when 119555459 is divided by 19925905.
29
What is the remainder when 2713037 is divided by 142767?
464
Calculate the remainder when 829893 is divided by 29627.
337
Calculate the remainder when 75657 is divided by 12560.
297
What is the remainder when 251252099 is divided by 5?
4
What is the remainder when 2024714 is divided by 545?
39
Calculate the remainder when 7445353 is divided by 32944.
9
Calculate the remainder when 8406836 is divided by 365509.
129
What is the remainder when 41656 is divided by 38004?
3652
What is the remainder when 2648589 is divided by 22256?
125
Calculate the remainder when 2695234 is divided by 14.
10
Calculate the remainder when 263534 is divided by 4.
2
Calculate the remainder when 35677 is divided by 2014.
1439
What is the remainder when 440795 is divided by 3325?
1895
Calculate the remainder when 118833 is divided by 1175.
158
Calculate the remainder when 2115975 is divided by 236.
235
What is the remainder when 10007542 is divided by 5003760?
22
Calculate the remainder when 151077 is divided by 106.
27
Calculate the remainder when 2061674 is divided by 515418.
2
Calculate the remainder when 7084587 is divided by 3372.
15
Calculate the remainder when 4538556 is divided by 238.
134
Calculate the remainder when 32668 is divided by 224.
188
What is the remainder when 6225 is divided by 